 10 = 0, 31 = 5*a + 2*o - 250. Let t be 11/4 + -3 - 70/8. What is the tens digit of a*(24/t + 3)?
1
Suppose -9*o + 894 = -3*o. Let z = o - 31. What is the hundreds digit of z?
1
Suppose -23 = -11*a + 615. What is the units digit of a?
8
Let d be ((-6)/(-4))/(45/750). Suppose 9*g = 14*g + d, 3*t = -3*g + 699. What is the hundreds digit of t?
2
Suppose 311*k - 10536 = 303*k. What is the units digit of k?
7
Let n = 49 - 39. Suppose -50 = -n*p + 5*p. What is the units digit of p?
0
What is the units digit of -496*(14/(-8) + 39/52)?
6
Let p = 28 - 20. Let l be ((-316)/p)/((-2)/4). Suppose 0 = -4*s - 3*z + l, -3*s = 5*z - 57 - 16. What is the units digit of s?
6
Let d(j) = j**3 - 8*j**2 + 3*j + 7. Suppose 2*s = 12 + 6. Let h be d(s). Suppose 8 = -2*l, -4*i - 3*l + h = -5. What is the tens digit of i?
3
Suppose 5*j + 37 = s + 2*j, -2*j - 10 = 0. Let z = s - -38. What is the units digit of z?
0
Let w(i) = 2*i**2 - 47*i + 43. What is the units digit of w(31)?
8
Let x = 17 + -34. Let f(i) = i**2 + 2*i + 16. Let s(m) = 3*m**2 + 7*m + 47. Let b(u) = x*f(u) + 6*s(u). What is the units digit of b(-7)?
3
Suppose -3*n + 2717 = 10*n. What is the hundreds digit of n - 8*(-3)/6?
2
Let y be (-27)/(-18)*(-2)/3. Let k = y + 15. What is the tens digit of k?
1
Suppose 5*v + 984 = 9*v. What is the tens digit of v?
4
Let z = 228 + -226. What is the units digit of z?
2
Suppose -2*v + 138 = -2392. What is the hundreds digit of v?
2
Suppose -5*b - 4 = 4*n - 0*b, -16 = -3*n + b. Suppose 0*z = -z + n, -i + 85 = 3*z. What is the units digit of i?
3
Let b(r) = -18*r + 13*r - r**2 - 1 + 10*r. Let t be b(4). Suppose 0 = t*m - m - 92. What is the units digit of m?
6
Suppose 36 = o + 3*t, 3*t + 34 = 3*o - 50. What is the units digit of (o/12)/(3/12)?
0
Suppose 13*q - 27 - 129 = 0. Suppose -q*g + 2*g = -2670. What is the tens digit of g?
6
Let n be 15/10*14/3. Suppose -n = -0*y - y. Suppose -y*j + 5 = -2*j. What is the units digit of j?
1
Let q(o) = 9*o - 108. What is the hundreds digit of q(43)?
2
Let j(g) = -g**3 + 6*g**2 - 4*g. Suppose -r = -6*v + 3*v - 6, -4*v = -2*r + 10. Suppose 0*b - 2*b = 5*o - 33, -4*o + 32 = r*b. What is the units digit of j(o)?
5
Let h = 32 - 25. Let p(a) = 5*a**3 - 4*a**2 - 6*a + 7. Let c be p(h). What is the tens digit of c/21 + 4/(-6)?
7
Let h = -47 + -7. Let u = h + 73. What is the tens digit of u?
1
Suppose -98*t + 97*t + 563 = y, 0 = 5*y - 3*t - 2815. What is the tens digit of y?
6
What is the units digit of (4 + (-50)/20)*(-712)/(-6)?
8
Suppose 0 = -12*f + 3700 + 1964. What is the tens digit of f?
7
Let j(d) be the first derivative of 14/3*d**3 + 0*d**2 + 3*d - 1/4*d**4 + 1. What is the units digit of j(14)?
3
What is the units digit of (-2)/(5/(-8220)*4)?
2
Suppose -2*s + 10 = 2. Suppose 3*w + 0*w + 105 = x, -420 = -s*x - w. What is the hundreds digit of x?
1
Let h = 134 + -8. Let u = h - 78. What is the tens digit of u?
4
Let k(c) = -c + 17. Let u be k(13). Suppose 0 = -3*q + 4*b + 106, -4*q + u*b = 2*b - 128. What is the units digit of q?
0
Suppose -4*y = -5*c - 1013, 3*y + 4*c - 765 = 6*c. What is the units digit of y?
7
Let l = 37 - 64. Let g = l - -88. What is the units digit of g?
1
Suppose 14*k = 15*k - 23. Suppose -k*o + 17*o = -906. What is the units digit of o?
1
Let d be (0 - -14)*42/49. Let w be (-2)/(8/d) + 47. Let y = -14 + w. What is the tens digit of y?
3
Let l be -1 + 5 - (2 + 171). What is the tens digit of (-3)/9 - l/3?
5
Suppose 0 = 3*d - 4*d - 80. Let s be -1 + 4 - d/4. What is the tens digit of -2*(-3)/(-2) + s?
2
Let w(t) = 7*t**2 + 3 + t - 5*t**2 - t**3 + 8*t**2 - 8*t. What is the tens digit of w(6)?
0
Suppose 2*y - a - 8761 = 0, -a - 1678 - 15845 = -4*y. What is the units digit of y?
1
Let d = 5 + -11. Let l be (-2)/d - 8/6. What is the units digit of 22 - (1 - (0 + l))?
0
Let d(v) = v**3 - 8*v**2 - 3*v + 11. Let o be d(8). Let b = 9 - o. What is the tens digit of b?
2
Suppose 120 = 4*b - 4*q, -5*b + 4*q + 119 = -28. Suppose b = a - 4*a. Let m(j) = -j**3 - 8*j**2 + 6*j + 1. What is the tens digit of m(a)?
2
Let r = -38 + -37. Let d = r + 144. What is the tens digit of d?
6
Let i be 4 - ((-25)/(-5) - 1). Suppose 4*r - 416 - 556 = i. What is the units digit of r?
3
Suppose 4*r + 4*h + 66 - 2914 = 0, 3*r = 3*h + 2166. What is the units digit of r?
7
Let p = 15 + -12. Suppose -p*l + 44 - 7 = 5*i, -2*l + 30 = 4*i. What is the tens digit of 13 + 1 + -11 + i?
1
Let r = -1017 + 591. What is the hundreds digit of (0 - 2)/(4 + 1708/r)?
2
Suppose i - 3*i + 252 = 3*x, 2*x - 124 = -i. What is the tens digit of i?
3
Let i(y) be the second derivative of 5*y**4/6 + y**3/2 + y**2 - 8*y. Let x be i(2). Let n = x - 23. What is the units digit of n?
5
Suppose 2*i + 4*z = 28, i + z - 52 = -4*i. Suppose 0 = -2*f + 2*b + 82, 2*b = -0*b - i. Suppose f + 8 = 4*y. What is the units digit of y?
1
Suppose -3*t - 5*g = -24, -3*t + 40 = 2*t - 4*g. Suppose j = 4*x - 0*x + 2, t = 4*j - 2*x. What is the tens digit of ((-20)/(-30))/(j/57)?
1
Let c = 88 + 317. What is the units digit of c?
5
Let z(x) be the second derivative of x**4/4 + 22*x**3/3 - 37*x**2/2 + 29*x + 1. What is the units digit of z(-20)?
3
Suppose 17*i - 7308 - 8638 = 0. What is the units digit of i?
8
Suppose 44 - 189 = -5*h. Let v = 38 - h. What is the units digit of v?
9
Let o = -38 + -6. Let b = o - -157. What is the units digit of b?
3
Let l = 2457 - 1141. What is the thousands digit of l?
1
Let j(u) = -u**3 - 2*u**2 + 3*u + 4. Let o be j(-3). Let k(f) = f**2 - 4*f + 8. Let w be k(o). Suppose d = -d + w. What is the units digit of d?
4
Suppose -3*s - 3*x + 793 = 253, 0 = 4*s - 3*x - 720. What is the hundreds digit of s?
1
Let i(t) = t**3 - 3*t**2 - 9*t - 6. Let p be i(5). Let j(v) = -177*v + 3. What is the units digit of j(p)?
0
Let k be 2 - (-4 + 3/1). Suppose k*z + 5 = 167. What is the tens digit of z?
5
Suppose 0 = 3*v + 2*v + 4*x - 8052, 4826 = 3*v + 5*x. What is the tens digit of v?
1
What is the hundreds digit of 5690/(-4)*332/(-415)?
1
Let g = 19 + -17. Suppose 3*y - 93 = -3*l, g*l + 0*y + 3*y = 57. What is the tens digit of l?
3
Let y = 172 + -145. What is the units digit of y?
7
Suppose -t + 0*t = 0. Suppose -2*s + 183 + 9 = t. What is the units digit of s?
6
Let x = 4658 + -2296. What is the tens digit of x?
6
Let l = 100 - -23. Let z = l - 71. Suppose -p = -3*p + z. What is the units digit of p?
6
Let h = 19 + -18. What is the tens digit of h + 10/(-5) - -72?
7
Suppose -32 + 51 = k. What is the tens digit of -1 + k + (-1)/1?
1
Let n(s) = 7*s + 6. Suppose -48 = -3*v + 5*v. Let j = 28 + v. What is the tens digit of n(j)?
3
Suppose k + 2*r - 970 = 0, 2*r + 6 = 12. What is the tens digit of k?
6
Let v(s) = 351*s - 5. What is the thousands digit of v(4)?
1
What is the thousands digit of -3 + (27 - 29)*1299/(-2)?
1
Let z be 1/(-4) - (-70)/(-40). What is the tens digit of 5/10*(z + 0) + 212?
1
Suppose -5*g = -25, -3*n + 3*g + 857 = -1654. What is the units digit of n?
2
Let q be 4/(0 + 1 + 0) + 13. Let t = -9 - -23. Let z = q - t. What is the units digit of z?
3
Let u = -1282 + 1801. What is the hundreds digit of u?
5
Let h be ((-2)/5)/(13/(-62140)). Suppose -3*y = -5*t - 4748, -y - h = 2*t + y. What is the units digit of t/(-60) + 4/30?
6
Let w = 4 + 0. Let i be 284/6 - w/12. Let k = i - 27. What is the units digit of k?
0
What is the tens digit of (247 + 0)*(-61 - -82)?
8
Let x(q) = 3*q**2 - 17. Let k be x(-12). What is the tens digit of ((-114)/9)/(k/105 - 4)?
6
Let g(t) = 56*t + 7. Let l be g(3). Suppose p - l = -4*p. Suppose -37 = -4*h - 5*s, p + 20 = 4*h - s. What is the units digit of h?
3
Suppose 0 = -2*j - 2*h - 0*h + 3860, 0 = -2*j - h + 3856. What is the tens digit of j?
2
Let b = 66 + -61. Suppose -4*o = 3*w - 765, -b*w = -o + 178 - 4. What is the units digit of o?
9
Suppose 13*r - 15*r = 0. Suppose 2*s = 4*m + 138, 4*m = -r*s - 5*s + 289. What is the units digit of s?
1
Suppose -5*x = -4*x - 2*g - 271, 0 = x + 4*g - 241. What is the tens digit of x?
6
What is the hundreds digit of (0 - 3) + (-3230)/(-17)?
1
Let o be (-5 - -1)/(2/214). Let p = o + 760. Suppose 4*s - j - 2*j = 258, -j + p = 5*s. What is the tens digit of s?
6
Suppose 5*p - 22 = -5*i + 248, 4*i + 200 = 4*p. Let g be 2 - (4 + 0 + 9). Let l = g + p. What is the units digit of l?
1
Suppose -2*q - f + 